{"id":14304,"date":"2026-04-29T12:56:11","date_gmt":"2026-04-29T12:56:11","guid":{"rendered":"https:\/\/toolcenter.ma\/?post_type=product&#038;p=14304"},"modified":"2026-04-29T21:34:24","modified_gmt":"2026-04-29T21:34:24","slug":"perceuse-electrique-master-quality-220v","status":"publish","type":"product","link":"https:\/\/toolcenter.ma\/?product=perceuse-electrique-master-quality-220v","title":{"rendered":"Perceuse \u00e9lectrique  Master Quality 220V"},"content":{"rendered":"<ul data-start=\"937\" data-end=\"1138\">\n<li data-start=\"937\" data-end=\"970\" data-section-id=\"17cu6pd\">Nom : Perceuse \u00e9lectrique<\/li>\n<li data-start=\"971\" data-end=\"1106\" data-section-id=\"1xyenoc\">Description : Permet de percer des trous dans diff\u00e9rents mat\u00e9riaux (bois, m\u00e9tal, b\u00e9ton). Existe en version filaire ou sans fil.<\/li>\n<li data-start=\"1107\" data-end=\"1138\" data-section-id=\"1nhy6ea\">Prix : 300 DH \u2013 1200 DH<\/li>\n<\/ul>\n","protected":false},"excerpt":{"rendered":"[INSERT_ELEMENTOR id=\"14335\"]\n<ul data-start=\"937\" data-end=\"1138\">\n<li data-start=\"937\" data-end=\"970\" data-section-id=\"17cu6pd\">Nom : Perceuse \u00e9lectrique<\/li>\n<li data-start=\"971\" data-end=\"1106\" data-section-id=\"1xyenoc\">Description : Permet de percer des trous dans diff\u00e9rents mat\u00e9riaux (bois, m\u00e9tal, b\u00e9ton). Existe en version filaire ou sans fil.<\/li>\n<li data-start=\"1107\" data-end=\"1138\" data-section-id=\"1nhy6ea\">Prix : 300 DH \u2013 1200 DH<\/li>\n<\/ul>\n","protected":false},"featured_media":14305,"comment_status":"open","ping_status":"closed","template":"","meta":[],"product_brand":[244],"product_cat":[248,247],"product_tag":[250,249],"class_list":{"0":"post-14304","1":"product","2":"type-product","3":"status-publish","4":"has-post-thumbnail","6":"product_brand-toolspro-hammer","7":"product_cat-marteau","8":"product_cat-perceuse-electrique","9":"product_tag-perceuse","10":"product_tag-perceuse-electrique","12":"first","13":"instock","14":"sale","15":"taxable","16":"shipping-taxable","17":"purchasable","18":"product-type-simple"},"_links":{"self":[{"href":"https:\/\/toolcenter.ma\/index.php?rest_route=\/wp\/v2\/product\/14304","targetHints":{"allow":["GET"]}}],"collection":[{"href":"https:\/\/toolcenter.ma\/index.php?rest_route=\/wp\/v2\/product"}],"about":[{"href":"https:\/\/toolcenter.ma\/index.php?rest_route=\/wp\/v2\/types\/product"}],"replies":[{"embeddable":true,"href":"https:\/\/toolcenter.ma\/index.php?rest_route=%2Fwp%2Fv2%2Fcomments&post=14304"}],"version-history":[{"count":1,"href":"https:\/\/toolcenter.ma\/index.php?rest_route=\/wp\/v2\/product\/14304\/revisions"}],"predecessor-version":[{"id":14341,"href":"https:\/\/toolcenter.ma\/index.php?rest_route=\/wp\/v2\/product\/14304\/revisions\/14341"}],"wp:featuredmedia":[{"embeddable":true,"href":"https:\/\/toolcenter.ma\/index.php?rest_route=\/wp\/v2\/media\/14305"}],"wp:attachment":[{"href":"https:\/\/toolcenter.ma\/index.php?rest_route=%2Fwp%2Fv2%2Fmedia&parent=14304"}],"wp:term":[{"taxonomy":"product_brand","embeddable":true,"href":"https:\/\/toolcenter.ma\/index.php?rest_route=%2Fwp%2Fv2%2Fproduct_brand&post=14304"},{"taxonomy":"product_cat","embeddable":true,"href":"https:\/\/toolcenter.ma\/index.php?rest_route=%2Fwp%2Fv2%2Fproduct_cat&post=14304"},{"taxonomy":"product_tag","embeddable":true,"href":"https:\/\/toolcenter.ma\/index.php?rest_route=%2Fwp%2Fv2%2Fproduct_tag&post=14304"}],"curies":[{"name":"wp","href":"https:\/\/api.w.org\/{rel}","templated":true}]}}